-55004)/d)/(16 + -18) a composite number?
False
Suppose -1955725 = -4*j - 3*p, -4*j - 9*p + 12*p = -1955707. Is j composite?
True
Let m = -495 + 499. Suppose 3*b - 5847 = x + 14566, m*b - 5*x = 27232. Is b a composite number?
False
Suppose -166814 = -y - 3*g, -36*y - 4*g = -35*y - 166815. Is y a composite number?
True
Let v(u) = 4*u**3 - 87*u**2 - 143*u + 1. Is v(38) prime?
True
Suppose -5*f = 0, k + k = -3*f - 20624. Let l be 4/18 + k/(-9). Suppose n + n = l. Is n a prime number?
False
Suppose -1 = -s - 1, -3*f + 286791 = -5*s. Is f composite?
False
Suppose -103*h - 16*h = -435764 - 1118733. Is h a prime number?
True
Let z = 272 + -253. Suppose z*y = 34*y - 63015. Is y prime?
True
Let r be (-5 - -6)*(-1 + -1). Is 3 + (0 - -4147) - 2/r a prime number?
False
Suppose -230250 = -5*c - 3*p, -28*c + 5*p - 184213 = -32*c. Is c a prime number?
False
Let h(p) = 74*p**2 - 14*p + 7. Let g(f) = f**3 - 3*f**2 - 9*f - 1. Let v be g(5). Is h(v) a prime number?
False
Let i(t) = 4*t**3 - 33*t**2 + 5*t + 3. Let a(h) = -h**2 + 12*h + 9. Let u be a(12). Is i(u) a composite number?
True
Let r be (-56552)/(-13) - 4/130*5. Suppose -4386 = -3*z + a, -a = 5*z - r - 2952. Is z a composite number?
True
Let r(i) = 7*i + 87. Let b be r(0). Let t = 81 - b. Is 3466/t*(-2 - -23)/(-7) a composite number?
False
Let c(v) = 13*v + 109. Let h be c(-8). Suppose -h*t + 197527 = 3*z, -z = 10*t - 14*t + 158008. Is t a prime number?
True
Let u be ((-44)/(-3))/(1/201). Let x(t) = 2*t**3 - 7*t**2 - 10*t + 18. Let n be x(-9). Let y = u + n. Is y composite?
False
Suppose -41*n + 37*n + 207156 = 2*g, -2*n + 3*g + 103594 = 0. Is n prime?
False
Suppose -8*h + 725002 + 846950 = 0. Suppose 57510 = -24*t + h. Is t a composite number?
False
Suppose 0*d + 0*d = 5*d. Suppose -2*w + 15 = w, d = -4*p + 3*w - 23. Is (-178)/((-1)/(p/(-4))) a composite number?
False
Let k be ((-2)/(-4))/((-3)/2)*-33. Suppose 8*j - 3060 = k*j. Let s = 2777 + j. Is s a prime number?
False
Is (176/308 - (-426914)/(-70))*-5 a prime number?
True
Suppose 1036577 = 4*s - 3*j, -758532 - 537142 = -5*s - 3*j. Is s prime?
False
Let y(x) = 3*x**2 + 3*x - 5. Let z(v) = -8*v - 40. Let f be z(-6). Let c be y(f). Let i = 4380 - c. Is i prime?
False
Suppose -8*u + 0*u + 2120 = 0. Suppose -3*y + 4*f = -656 - u, 3*y - 921 = -f. Is y a prime number?
True
Suppose 333 = -i - 8*i. Let y = -36 - i. Is 613/(y*(0 - (-3)/3)) prime?
True
Suppose -b = -p, -2*b + 6*b = -3*p. Let w be (12*9 - (1 - 3)) + b. Is (6 + -2 - w)*(-1)/2 composite?
False
Let l(m) = 2*m + 15. Let b be l(-6). Suppose -6 = -2*q - 2*v - 4, -3 = -b*q - v. Let s(i) = 1131*i + 4. Is s(q) a composite number?
True
Suppose 0 = 2*h - 6*h - 4, -k - h = -4. Suppose 0 = -3*s + k*a + 229448, -3*a + 102100 + 127316 = 3*s. Is ((-3)/2)/((-18)/s) prime?
True
Suppose 3*v + 3676 = 5*v. Suppose 0 = -0*u - 3*u - 4*r + 5515, -u + v = r. Is ((-8)/(-2) - 4) + u prime?
False
Let f = -2384 - -1422. Let r = f + 5583. Is r composite?
False
Suppose -s = 3*y + 154 - 46377, -61630 = -4*y - s. Suppose o + 4*t = 5537, -4*o + t + y + 6826 = 0. Is o prime?
True
Let c be 149/(-4)*(-7 - 29). Suppose -2*v - 3*t + 1796 = -c, 5*t = -3*v + 4708. Suppose -4*g = 3*g - v. Is g prime?
True
Let j = -996 + 3591. Suppose 2*r - 2*x + j = -2037, 4 = x. Let m = -1545 - r. Is m a prime number?
False
Let i be (12/(-7))/(43/(-301)). Is (0 - -4153)*(i - 11) a prime number?
True
Suppose -49*n + 15241632 = 6312215. Is n composite?
False
Let j(s) = 173*s - 177. Let f(p) = -43*p + 44. Let o = 42 + -33. Let w(l) = o*f(l) + 2*j(l). Is w(-19) a composite number?
False
Let w be -2 - ((-18)/(-5) - (-3)/(-5)). Let a be 12/(-3) - 0 - w. Let g(m) = 744*m**2 + 4*m - 5. Is g(a) a composite number?
False
Suppose 17*t - 406973 = -11580 + 376458. Is t prime?
True
Let p = -37000 + 79591. Is p a composite number?
True
Let n(t) = 1232*t - 2. Let j be n(1). Let k be 7/((-28)/16) + j. Suppose 0 = 3*d - 5*d + k. Is d a composite number?
False
Suppose -4*c + 61148 = -5*p - 152033, 5*c - 266492 = p. Is c prime?
True
Let s(c) = 17*c - 7. Let q be s(5). Let k = -75 + q. Suppose -2*z + 10987 = 3*w, w - k*z = z + 3653. Is w a composite number?
True
Let f(u) = 47*u**3 - 14*u**2 - 24*u + 21. Let d(p) = 46*p**3 - 16*p**2 - 21*p + 20. Let h(r) = 4*d(r) - 5*f(r). Is h(-10) composite?
True
Let n(x) = -2*x**2 + 5*x + 6. Let i be n(3). Suppose z = 2*q - 2024 + 11407, 0 = -i*q. Is z a composite number?
True
Let n(h) = h**3 + 2*h**2 - 2*h - 1. Let z(m) = -m**2 - 5*m + 12. Let v be z(-7). Let p be n(v). Suppose p*j - 1940 = 421. Is j prime?
True
Suppose 25*a - 8 = 27*a, 5*a = -4*w + 130728. Is w prime?
True
Suppose -l + 8 = 2*f, -4*f + 5*l = 4*l - 4. Suppose t - 3*i = -3*t + 2047, -2046 = -4*t + f*i. Is t prime?
False
Let k = 99356 - 70670. Let m = k + -10391. Is m prime?
False
Suppose 0 = -3*s + 3*c - 12120, c - 8077 = 2*s + 2*c. Let d = -1460 - s. Is d prime?
True
Let n(i) = -13*i - 52. Let g be n(-8). Let k(r) = 545*r + 347. Is k(g) composite?
False
Let n(w) = -2*w - 40. Suppose 0 = -4*t + 8, t - 91 = 5*b + 3*t. Let p be n(b). Let j(q) = 99*q**2 + 2*q + 3. Is j(p) composite?
True
Let m be (-228451)/(-6) + -6*6/216. Let x = m + -22996. Is x a prime number?
False
Let v(y) be the first derivative of -3*y**4/2 - 10*y**3/3 - 17*y**2/2 - 2*y + 18. Is v(-7) a composite number?
True
Suppose -4587089 = -3*l - a, -16*a + 20*a = -l + 1529059. Is l a composite number?
False
Let p(w) = 2035*w**2 + 61*w - 91. Is p(7) composite?
True
Suppose -7*t + t = 144. Let v be (-18)/t + (-4)/(16/75). Is 16/(-9) + 2 - 29714/v a prime number?
False
Let a = 2 - -12. Suppose -a + 18 = v. Suppose 605 = 5*c + 2*u, u + 605 = 5*c - v*u. Is c prime?
False
Let u(y) = -2*y**3 + 45*y**2 - 700*y - 100. Is u(-51) composite?
False
Let b(w) = w**3 + 6*w**2 - 2*w + 5. Let f be b(-5). Let m = 43 - f. Is -1 + 268 + (m - (11 + -4)) prime?
True
Let g(o) = 2174*o + 41. Let r be g(5). Let c be (0 - 0)*(-1)/2. Suppose -3*q + r = -c*q. Is q a prime number?
True
Suppose -4*i + l = -l - 2390, -5*i - l + 2970 = 0. Suppose 1369*y - 1374*y + i = 0. Is y composite?
True
Let a(l) = 49*l**2 + 4*l - 2. Let y be a(-7). Suppose 0 = 14*h - y - 2935. Is h a composite number?
False
Suppose 2400274 + 2419629 = 11*o. Is o composite?
True
Suppose 0*z - 2391 = -3*z. Let w(d) = -18*d + 3630. Let m be w(-6). Suppose -m = -5*s + z. Is s a composite number?
False
Let n(s) = -1395*s - 5. Let o(g) = -3*g**2 - 4*g + 5. Let w be o(1). Is n(w) composite?
True
Let m(y) = 568*y + 135. Let q(o) = -565*o - 135. Let i(r) = -5*m(r) - 6*q(r). Is i(14) a prime number?
False
Let z be (392/(-70))/(0 + 3/(-60)). Suppose -104*i + z*i = 34312. Is i a prime number?
True
Let k(c) = 960*c + 205. Let r be k(-7). Let w = 11670 + r. Is w composite?
True
Let c be (0*(-3)/(-3 - 0))/3. Suppose c = -5*a + 1942 + 3483. Suppose 4*p = 2823 + a. Is p prime?
True
Suppose 82*m - 25*m = -49*m + 3595838. Is m composite?
False
Let r(l) = 323*l**2 - 7*l + 19. Let t(y) = 322*y**2 - 5*y + 18. Let x(o) = 4*r(o) - 3*t(o). Is x(3) prime?
True
Let q(b) = 10*b**2 + 1. Let t be q(4). Suppose -972*n = -985*n + 2340. Let w = t + n. Is w prime?
False
Let c be 8916/8*(-40)/(-15). Let a = c + 171. Suppose -a = -6*h - h. Is h composite?
False
Let p = -24112 - -38921. Let v = -7572 + p. Is v composite?
False
Suppose r = -4*t + 3570842, 2*r = 55 - 43. Is t composite?
False
Is (5055598 + 6)*1/4 a composite number?
True
Suppose -29*t = -25*t - 16. Suppose 4*r + z + 8033 = 0, t*r - 6023 = 7*r - z. Let w = -921 - r. Is w prime?
True
Let r(n) be the third derivative of 199*n**4/12 + 29*n**3/6 - n**2 - 13. Is r(5) a prime number?
False
Let i(b) be the second derivative of 7*b**4/6 - 23*b**3/3 - 41*b**2/2 - 3*b + 2. Is i(29) a composite number?
False
Is -9 - 18015*(-1360)/51 composite?
False
Let u = 376900 - 157623. Is u composite?
False
Let q = 56037 + -12184. Is q composite?
False
Suppose 0 = -2*j + 3*a - 2*a - 91, a = -5*j - 217. Let p = j + 43. Is ((16/p)/4)/((-4)/22) composite?
True
Suppose -g - 25929 = -2*y, -5*y - 2*g + 64827 = -6*g. Suppose y = -9*w + 12*w. Is w a prime number?
False
Let j(k) = 3523*k**2 + k. Let o be j(-1). Suppose 1143 = 3*l + 6204. Let w = l + o. Is w prime?
False
Let r = 13914 - 1463. Is r a composite number?
False
Suppose -15*c + 4*u = -19*c + 8, 6 = 3*c - 4*u. S